y 2659.
137
Calculate the remainder when 1937 is divided by 125.
62
Calculate the remainder when 137603 is divided by 145.
143
What is the remainder when 1987 is divided by 897?
193
What is the remainder when 31247 is divided by 31?
30
Calculate the remainder when 461660 is divided by 126.
122
Calculate the remainder when 411108 is divided by 490.
488
What is the remainder when 5760 is divided by 4?
0
What is the remainder when 17179 is divided by 201?
94
What is the remainder when 4976 is divided by 4931?
45
Calculate the remainder when 57822 is divided by 18.
6
Calculate the remainder when 11097 is divided by 15.
12
Calculate the remainder when 2993 is divided by 612.
545
Calculate the remainder when 19866 is divided by 1415.
56
What is the remainder when 2328962 is divided by 91?
90
What is the remainder when 116099 is divided by 1001?
984
Calculate the remainder when 770 is divided by 561.
209
What is the remainder when 2787 is divided by 242?
125
What is the remainder when 1454 is divided by 464?
62
What is the remainder when 55560 is divided by 2779?
2759
Calculate the remainder when 15448 is divided by 515.
513
What is the remainder when 4087 is divided by 1360?
7
Calculate the remainder when 10209 is divided by 24.
9
What is the remainder when 535088 is divided by 8107?
26
Calculate the remainder when 30324 is divided by 1760.
404
Calculate the remainder when 442857 is divided by 60.
57
What is the remainder when 1058 is divided by 340?
38
Calculate the remainder when 480311 is divided by 127.
124
What is the remainder when 30613 is divided by 7642?
45
Calculate the remainder when 8969 is divided by 2989.
2
What is the remainder when 2601876 is divided by 145?
141
Calculate the remainder when 17323 is divided by 148.
7
Calculate the remainder when 685935 is divided by 65.
55
Calculate the remainder when 22985 is divided by 5742.
17
What is the remainder when 1303 is divided by 36?
7
Calculate the remainder when 44561 is divided by 473.
99
What is the remainder when 4676978 is divided by 10?
8
What is the remainder when 21562 is divided by 5349?
166
What is the remainder when 15165 is divided by 3027?
30
What is the remainder when 5828 is divided by 573?
98
Calculate the remainder when 769 is divided by 436.
333
What is the remainder when 5542 is divided by 916?
46
What is the remainder when 2796 is divided by 184?
36
Calculate the remainder when 62251 is divided by 3458.
7
Calculate the remainder when 7683 is divided by 3830.
23
What is the remainder when 14438 is divided by 5?
3
What is the remainder when 17869 is divided by 17522?
347
What is the remainder when 2080460 is divided by 77?
74
What is the remainder when 18945 is divided by 3789?
0
Calculate the remainder when 105445 is divided by 415.
35
What is the remainder when 1938904 is divided by 5?
4
Calculate the remainder when 56991 is divided by 16.
15
Calculate the remainder when 14973 is divided by 46.
23
Calculate the remainder when 439 is divided by 379.
60
What is the remainder when 12585 is divided by 2?
1
What is the remainder when 32278 is divided by 17?
12
What is the remainder when 101873 is divided by 625?
623
Calculate the remainder when 16055 is divided by 29.
18
What is the remainder when 74341 is divided by 4644?
37
Calculate the remainder when 86960 is divided by 1425.
35
Calculate the remainder when 4425 is divided by 66.
3
What is the remainder when 7500 is divided by 160?
140
What is the remainder when 11562 is divided by 56?
26
Calculate the remainder when 12203 is divided by 291.
272
Calculate the remainder when 10023358 is divided by 15.
13
What is the remainder when 14344 is divided by 522?
250
Calculate the remainder when 7510 is divided by 754.
724
Calculate the remainder when 20677 is divided by 78.
7
What is the remainder when 10443 is divided by 5?
3
Calculate the remainder when 21966 is divided by 130.
126
What is the remainder when 220021 is divided by 29?
27
Calculate the remainder when 61174 is divided by 10.
4
What is the remainder when 10512 is divided by 53?
18
Calculate the remainder when 13583 is divided by 78.
11
Calculate the remainder when 6424 is divided by 2084.
172
What is the remainder when 16568 is divided by 84?
20
Calculate the remainder when 3074 is divided by 721.
190
Calculate the remainder when 503 is divided by 324.
179
What is the remainder when 160509 is divided by 13?
11
Calculate the remainder when 46079 is divided by 288.
287
What is the remainder when 286345 is divided by 97?
1
Calculate the remainder when 8376 is divided by 2092.
8
What is the remainder when 3499 is divided by 190?
79
Calculate the remainder when 172533 is divided by 894.
885
What is the remainder when 582 is divided by 332?
250
Calculate the remainder when 2549 is divided by 179.
43
Calculate the remainder when 57367 is divided by 310.
17
Calculate the remainder when 301196 is divided by 724.
12
What is the remainder when 39833 is divided by 595?
563
What is the remainder when 51521 is divided by 201?
65
What is the remainder when 98860 is divided by 5?
0
What is the remainder when 2364 is divided by 136?
52
Calculate the remainder when 11914 is divided by 290.
24
Calculate the remainder when 48481 is divided by 1929.
256
What is the remainder when 253420 is divided by 33?
13
Calculate the remainder when 761797 is divided by 50.
47
What is the remainder when 59710 is divided by 32?
30
What is the remainder when 48812 is divided by 97?
21
Calculate the remainder when 35194 is divided by 11725.
19
What is the remainder when 257518 is divided by 128759?
0
What is the remainder when 1410316 is divided by 13?
11
Calculate the remainder when 89738 is divided by 13.
12
Calculate the remainder when 53668 is divided by 7.
6
Calculate the remainder when 6313 is divided by 6308.
5
Calculate the remainder when 584 is divided by 146.
0
What is the remainder when 1080 is divided by 560?
520
What is the remainder when 34538 is divided by 677?
11
What is the remainder when 238139 is divided by 9?
8
Calculate the remainder when 20930 is divided by 10461.
8
What is the remainder when 206928 is divided by 2?
0
Calculate the remainder when 174011 is divided by 34.
33
Calculate the remainder when 57534 is divided by 2614.
26
What is the remainder when 1437 is divided by 286?
7
What is the remainder when 59166 is divided by 101?
81
Calculate the remainder when 32747 is divided by 8144.
171
Calculate the remainder when 107176 is divided by 10715.
26
Calculate the remainder when 474118 is divided by 84.
22
What is the remainder when 257130 is divided by 1076?
1042
Calculate the remainder when 13288 is divided by 10.
8
Calculate the remainder when 429685 is divided by 21484.
5
What is the remainder when 1962 is divided by 225?
162
Calculate the remainder when 136264 is divided by 501.
493
What is the remainder when 630 is divided by 232?
166
Calculate the remainder when 2329 is divided by 2294.
35
What is the remainder when 238150 is divided by 30?
10
Calculate the remainder when 3435 is divided by 215.
210
What is the remainder when 95482 is divided by 169?
166
Calculate the remainder when 7805 is divided by 14.
7
Calculate the remainder when 15559 is divided by 1405.
104
Calculate the remainder when 35036 is divided by 5.
1
What is the remainder when 53321 is divided by 533?
21
What is the remainder when 117958 is divided by 79?
11
Calculate the remainder when 3890 is divided by 93.
77
Calculate the remainder when 10769 is divided by 1195.
14
What is the remainder when 10038 is divided by 580?
178
Calculate the remainder when 3644 is divided by 72.
44
Calculate the remainder when 225075 is divided by 14.
11
What is the remainder when 17293 is divided by 46?
43
Calculate the remainder when 9728 is divided by 4579.
570
What is the remainder when 1334266 is divided by 52?
50
What is the remainder when 170522 is divided by 1302?
1262
Calculate the remainder when 1767 is divided by 315.
192
Calculate the remainder when 16133 is divided by 16090.
43
Calculate the remainder when 152526 is divided by 36.
30
What is the remainder when 2587 is divided by 31?
14
What is the remainder when 2894581 is divided by 28?
25
What is the remainder when 52868 is divided by 508?
36
What is t